rs of 264790.
2, 5, 26479
What are the prime factors of 1435908?
2, 3, 119659
What are the prime factors of 3579729?
3, 1193243
What are the prime factors of 1423029?
3, 474343
List the prime factors of 31726.
2, 29, 547
What are the prime factors of 8235?
3, 5, 61
List the prime factors of 188165.
5, 37633
List the prime factors of 13141820.
2, 5, 657091
What are the prime factors of 22599984?
2, 3, 11, 23, 1861
List the prime factors of 561247.
103, 5449
List the prime factors of 130503.
3, 41, 1061
List the prime factors of 3851549.
13, 296273
What are the prime factors of 2065470?
2, 3, 5, 11, 569
List the prime factors of 18484898.
2, 67, 137947
List the prime factors of 7736720.
2, 5, 97, 997
What are the prime factors of 175155?
3, 5, 11677
List the prime factors of 512957.
31, 16547
List the prime factors of 22649355.
3, 5, 17, 71, 139
List the prime factors of 373001.
359, 1039
List the prime factors of 12533134.
2, 59, 106213
What are the prime factors of 6445314?
2, 3, 358073
List the prime factors of 22408388.
2, 127, 44111
List the prime factors of 931404.
2, 3, 77617
List the prime factors of 181859.
29, 6271
What are the prime factors of 2583788?
2, 31, 67, 311
What are the prime factors of 653777?
653777
What are the prime factors of 1037829?
3, 13, 23, 89
List the prime factors of 4908952.
2, 83, 7393
What are the prime factors of 1006891?
1006891
List the prime factors of 1211407.
1211407
What are the prime factors of 10694614?
2, 7, 763901
What are the prime factors of 2934255?
3, 5, 199, 983
List the prime factors of 3122406.
2, 3, 7, 24781
List the prime factors of 2840673.
3, 11, 59, 1459
What are the prime factors of 442195?
5, 13, 6803
What are the prime factors of 1624870?
2, 5, 13, 29, 431
What are the prime factors of 2865899?
2865899
What are the prime factors of 260568?
2, 3, 7, 11, 47
List the prime factors of 51999.
3, 17333
List the prime factors of 27254342.
2, 59, 230969
List the prime factors of 729943.
729943
What are the prime factors of 1259943?
3, 43, 9767
List the prime factors of 51371.
47, 1093
List the prime factors of 5597563.
5597563
List the prime factors of 14398276.
2, 19, 23, 8237
List the prime factors of 709533.
3, 11, 2389
What are the prime factors of 219141?
3, 13, 1873
List the prime factors of 6180100.
2, 5, 23, 2687
What are the prime factors of 1790143?
683, 2621
What are the prime factors of 42502907?
17, 2500171
What are the prime factors of 7995656?
2, 19, 41, 1283
What are the prime factors of 2574990?
2, 3, 5, 11, 17
What are the prime factors of 4234122?
2, 3, 17, 101, 137
What are the prime factors of 1259136?
2, 3, 1093
List the prime factors of 10968989.
29, 378241
What are the prime factors of 425194?
2, 7, 11, 251
List the prime factors of 1299994.
2, 97, 6701
What are the prime factors of 802355?
5, 23, 6977
What are the prime factors of 5395578?
2, 3, 899263
What are the prime factors of 7741479?
3, 2580493
What are the prime factors of 386887?
386887
List the prime factors of 1972618.
2, 19, 23, 37, 61
What are the prime factors of 1047011?
7, 373, 401
List the prime factors of 1113197.
1113197
List the prime factors of 3711223.
227, 16349
What are the prime factors of 841583?
709, 1187
List the prime factors of 819154.
2, 7, 58511
What are the prime factors of 5724?
2, 3, 53
What are the prime factors of 973277?
973277
What are the prime factors of 6689445?
3, 5, 7, 63709
List the prime factors of 364175.
5, 7, 2081
List the prime factors of 724690.
2, 5, 72469
List the prime factors of 8516160.
2, 3, 5, 2957
What are the prime factors of 188901?
3, 139, 151
List the prime factors of 5456868.
2, 3, 31, 14669
What are the prime factors of 23821524?
2, 3, 149, 4441
List the prime factors of 1008877.
463, 2179
List the prime factors of 768502.
2, 7, 17, 3229
What are the prime factors of 1681151?
1681151
What are the prime factors of 5536499?
5536499
What are the prime factors of 44754?
2, 3, 7459
List the prime factors of 429723.
3, 7, 19, 359
List the prime factors of 16395430.
2, 5, 443, 3701
List the prime factors of 165752.
2, 20719
List the prime factors of 199536.
2, 3, 4157
What are the prime factors of 280868?
2, 7, 1433
List the prime factors of 3061167.
3, 1020389
List the prime factors of 12373296.
2, 3, 13, 79, 251
List the prime factors of 209780.
2, 5, 17, 617
What are the prime factors of 1040814?
2, 3, 53, 1091
What are the prime factors of 1794875?
5, 83, 173
What are the prime factors of 5455203?
3, 13, 137, 1021
What are the prime factors of 11461649?
11461649
List the prime factors of 199542.
2, 3, 7, 4751
What are the prime factors of 3679940?
2, 5, 11, 43, 389
What are the prime factors of 1095587?
337, 3251
List the prime factors of 2316635.
5, 59, 7853
List the prime factors of 215008.
2, 6719
List the prime factors of 72795.
3, 5, 23, 211
What are the prime factors of 1058548?
2, 264637
List the prime factors of 20173777.
13, 31, 113, 443
List the prime factors of 6016861.
17, 43, 8231
List the prime factors of 875508.
2, 3, 72959
What are the prime factors of 683922?
2, 3, 31, 3677
What are the prime factors of 116717?
19, 6143
List the prime factors of 536513.
536513
List the prime factors of 233054.
2, 19, 6133
List the prime factors of 1586590.
2, 5, 29, 5471
What are the prime factors of 496243?
11, 197, 229
List the prime factors of 40530.
2, 3, 5, 7, 193
What are the prime factors of 11496952?
2, 47, 30577
List the prime factors of 4548214.
2, 11, 17, 12161
List the prime factors of 1690955.
5, 7, 48313
List the prime factors of 20284201.
7, 421, 6883
List the prime factors of 83027.
7, 29, 409
List the prime factors of 312638.
2, 156319
List the prime factors of 743234.
2, 371617
List the prime factors of 3421705.
5, 7, 59, 1657
List the prime factors of 207850.
2, 5, 4157
What are the prime factors of 387579?
3, 129193
List the prime factors of 2010413.
2010413
What are the prime factors of 405265?
5, 7, 11579
What are the prime factors of 5359256?
2, 7, 95701
What are the prime factors of 315942?
2, 3, 11, 4787
What are the prime factors of 16946286?
2, 3, 7, 403483
What are the prime factors of 6722072?
2, 7, 17, 23, 307
What are the prime factors of 15056?
2, 941
What are the prime factors of 21017750?
2, 5, 13, 29, 223
List the prime factors of 24548151.
3, 101, 81017
List the prime factors of 510161.
191, 2671
List the prime factors of 2929320.
2, 3, 5, 79, 103
What are the prime factors of 40518?
2, 3, 2251
What are the prime factors of 2812584?
2, 3, 117191
List the prime factors of 7170740.
2, 5, 179, 2003
List the prime factors of 1833788.
2, 11, 71, 587
What are the prime factors of 73018?
2, 11, 3319
What are the prime factors of 127807?
127807
What are the prime factors of 98457?
3, 37, 887
List the prime factors of 63621.
3, 7069
What are the prime factors of 547473?
3, 41, 4451
What are the prime factors of 280289?
127, 2207
What are the prime factors of 759489?
3, 383, 661
List the prime factors of 7759810.
2, 5, 61, 12721
List the prime factors of 1476587.
7, 71, 2971
What are the prime factors of 318349?
318349
What are the prime factors of 9209693?
131, 229, 307
What are the prime factors of 437416?
2, 7, 73, 107
What are the prime factors of 3107417?
3107417
What are the prime factors of 106543?
106543
List the prime factors of 1276277.
691, 1847
What are the prime factors of 2721426?
2, 3, 453571
What are the prime factors of 31531?
31531
What are the prime factors of 2495620?
2, 5, 124781
List the prime factors of 1943901.
3, 43, 5023
List the prime factors of 1126722.
2, 3, 187787
What are the prime factors of 161313?
3, 17, 3163
What are the prime factors of 5271689?
167, 31567
List the prime factors of 668920.
2, 5, 7, 2389
What are the prime factors of 4140637?
4140637
What are the prime factors of 24317459?
281, 86539
What are the prime factors of 1405856?
2, 43933
List the prime factors of 1877728.
2, 58679
List the prime factors of 194970.
2, 3, 5, 67, 97
What are the prime factors of 790488?
2, 3, 10979
List the prime factors of 1399209.
3, 7, 66629
What are the prime factors of 1378679?
1378679
What are the prime factors of 1162192?
2, 19, 3823
List the prime factors of 170351.
170351
What are the prime fa